e factors of (2/(-4))/(5/g).
2, 3, 5
Let r = 44935 + 12665. List the prime factors of r.
2, 3, 5
Let n(c) = -7842*c + 236. List the prime factors of n(-2).
2, 5, 199
Let r(x) = -x**2 - 7*x. Let w be r(-6). Let j be (-3 + -22)*-2*3/w. Let v = 4 + j. What are the prime factors of v?
29
Suppose -4*b = 4*f - 51936, 0 = 2*f + 44*b - 45*b - 25956. List the prime factors of f.
2, 5, 11, 59
Suppose 18 - 6 = 2*t. Suppose -2 + t = c, 0 = 2*n + 3*c - 352. Suppose -x - n = -4*z - 452, 837 = 3*x - 3*z. What are the prime factors of x?
2, 139
Let x = -34 - -107. Let b = x - -606. What are the prime factors of b?
7, 97
Let h = 62 - 57. Suppose 37 = y + h. What are the prime factors of 1056/10 + y/80?
2, 53
Let o = 48614 - 12296. List the prime factors of o.
2, 3, 6053
Let d be 3/(-12) - (-135)/12. Let x be ((-32)/24)/(3/(-144)). Suppose -p + d = -x. List the prime factors of p.
3, 5
Let p(g) = -g**2 + 8*g - 4. Let v(s) be the first derivative of -s**3/3 - 2*s**2 + 3. Let q be v(-3). What are the prime factors of p(q)?
11
Let a(j) = 31*j**3 - j**2 - 30*j + 61. What are the prime factors of a(7)?
5, 2087
Let s(j) = j**2 - 19*j + 605. List the prime factors of s(24).
5, 29
Suppose -3*k + 14 = -49. Let c = 9 - k. List the prime factors of (-51)/(-4)*(-64)/c.
2, 17
Let u(r) = 6*r - 22*r**2 - 4*r**3 + 36*r**2 + 5*r**3 + 12 - 4*r**2. List the prime factors of u(9).
3, 5, 107
Let n(v) = 7883*v**2 - 16*v + 2. List the prime factors of n(-1).
7901
Suppose 4*m + 5*o = 22995, 0 = m - 45*o + 44*o - 5742. List the prime factors of m.
3, 5, 383
Let y be 11/(-6) + (-1)/6. List the prime factors of ((10/3)/5)/(y/(-1368)).
2, 3, 19
Suppose -16*s + 18*s = -i + 4089, s - 16384 = -4*i. Suppose -i + 11357 = 33*a. What are the prime factors of a?
2, 5, 11
Let q = -25075 - -71066. What are the prime factors of q?
11, 37, 113
Let w(x) = -8*x**3 - 20*x**2 + 4*x + 7. Let t be (-25 + 29)*-2*(-10)/(-16). List the prime factors of w(t).
487
Suppose 0*x + 1084 = 4*x. Suppose -f = 5*z - x, z = 4*f - 4*z - 1109. List the prime factors of f.
2, 3, 23
Let t(u) = -930*u - 3640. What are the prime factors of t(-31)?
2, 5, 11, 229
Suppose 3*f = -t + 63829, 2*t + 796*f = 797*f + 127693. What are the prime factors of t?
2, 11, 1451
Let c(v) = 2*v + 2. Let w be c(-1). Suppose 5*x - x + 132 = w. Let k = x + 83. List the prime factors of k.
2, 5
Suppose 10*f = 2*f + 1712. Let k = f + -117. Suppose -a - 31 = -k. List the prime factors of a.
2, 3, 11
What are the prime factors of (-17 + 16)*(-7 - 3816)?
3823
Let h(r) = -4*r + 26. Let n = -60 - -62. Let u be n/(-11) + (-679)/77. List the prime factors of h(u).
2, 31
Let a be 434/(-4) + (7 - (-45)/(-6)). Let h = -43 - a. What are the prime factors of h?
2, 3, 11
Suppose 20*k - 43077 = 363. List the prime factors of k.
2, 3, 181
List the prime factors of 848570/80 - (-6)/(-48).
10607
Let m be ((-2)/16)/(2/4)*-8. Suppose m*j - 9 = 3*s - j, 3*j = -5*s + 25. Suppose -s*h = -468 + 6. List the prime factors of h.
3, 7, 11
Let i(f) = 9*f + 2. Let u be i(-1). Let t be (-7)/(u/(-2)) + (-914)/(-2). What are the prime factors of ((-1)/1*1)/((-13)/t)?
5, 7
Suppose s - 113 + 115 = 0, 2*f - 5*s - 22170 = 0. List the prime factors of f.
2, 5, 277
Let p(v) = -v**3 + 25*v**2 - 30*v + 46. Suppose 32*a - 41*a = -198. List the prime factors of p(a).
2, 419
Let s(i) = -7*i + 4*i - 3*i - 10 - 14*i**2. Let x be s(-5). What are the prime factors of ((-99)/6)/(-11) - x/4?
2, 3, 7
Let u(l) = 7 + 21*l**2 + 13*l**2 - l - 10*l**2. List the prime factors of u(-3).
2, 113
Let c = 9298 + -3590. What are the prime factors of c?
2, 1427
Let n = 19825 + -11345. What are the prime factors of n?
2, 5, 53
Let g be -2 + 1 - (-9)/(-6)*-2. Let o be g*((-4)/8)/(-1)*-93. Let j = o - -213. List the prime factors of j.
2, 3, 5
Suppose -15 = 24*w - 39. What are the prime factors of 5/w + (-45 - -193)?
3, 17
Suppose -6*o - 9 = -9. Suppose -x + 4*s + 388 = o, x + 5*s - 186 = 220. What are the prime factors of x?
2, 3, 11
Let j be 81/6 - 15/10. Let y = -13 + j. List the prime factors of (4 + (2 - 39))/y.
3, 11
Let v be -2 + 166*3/(-2). Let l(u) = 10*u**2 - 57*u + 123. Let i be l(10). Let q = i + v. What are the prime factors of q?
2, 151
Suppose 0 = -2*t - 2*x - 6, -t + 0*t - 3*x = 5. List the prime factors of (t + 9/2)*46.
5, 23
Let u(o) = 8*o + 155. Let v(j) = 13*j + 310. Let h(x) = -5*u(x) + 3*v(x). List the prime factors of h(5).
2, 3, 5
Suppose -61*b + 60*b = -2817. List the prime factors of b.
3, 313
Let p(x) = -3330*x - 539. What are the prime factors of p(-4)?
12781
Let n(u) be the first derivative of 105*u**4/2 + u**3/3 - 2*u**2 + 2*u + 22. Suppose -11*o + 3 = -8*o. What are the prime factors of n(o)?
11, 19
Let k = 3273 + -1841. Suppose -k = 15*d - 17*d. What are the prime factors of d?
2, 179
List the prime factors of 14 + -5 - -10634 - (-4 + 0).
3, 7, 13
Suppose 21 = 3*j - 3. Let c(f) be the second derivative of -f**4/12 + 3*f**3/2 - 3*f**2/2 + 242*f - 2. What are the prime factors of c(j)?
5
Let j(r) = 18827*r**2 - 28*r - 26. List the prime factors of j(-1).
19, 991
Let a = -516 - -504. List the prime factors of (4659/4)/(51/a - -5).
1553
Let m = 310 - 303. What are the prime factors of 2/(-6)*((-49)/m + -3542)?
7, 13
Suppose -15*i = 5447 - 91682. What are the prime factors of i?
5749
Suppose 88*x = 37*x + 829770. List the prime factors of x.
2, 5, 1627
Let n(m) be the second derivative of 43/2*m**2 + 3*m + 2/3*m**3 + 0. List the prime factors of n(11).
3, 29
List the prime factors of 126 + -122 - (1 - 10134).
3, 31, 109
Suppose 4*f - 16 = 0, 0*f + 4*f = -r + 691. Let p = 1178 - r. What are the prime factors of p?
503
Let v = -2638 - -2649. Suppose 2*j = j + 2*w + 27, 4*j - 105 = 5*w. Suppose -v*s - j = -190. What are the prime factors of s?
3, 5
Suppose 2*u - 4*u = 4*d - 4720, -3*u + 4720 = 4*d. Suppose 0 = 4*r - 8 - d. What are the prime factors of r?
3, 11
Suppose -11 = -4*h + 5. Suppose -d = -2*d - 4*u + 868, -3392 = -h*d + 4*u. What are the prime factors of d?
2, 3, 71
Suppose -78*m + 73*m + 520 = 0. Let l(s) = 2*s**3 - 7*s**2 - 16*s - 1. Let k be l(7). Suppose w - m = -w - 5*n, n + k = 4*w. List the prime factors of w.
3, 19
Suppose o = -5*q + 4009, 4*q = -8*o + 9*o - 4000. Suppose -o = -6*b + 676. List the prime factors of b.
2, 3, 5, 13
Let o(s) = -s**3 + 3*s**2 - 4*s + 10. Let j be o(5). Let c = 60 + j. Suppose 23*q - 18*q - 605 = c. What are the prime factors of q?
11
Let i = -25 - -40. Let b = -36 + i. Let t = 5 - b. List the prime factors of t.
2, 13
Let u = 83 + -79. Let j(f) = 22*f + 43. What are the prime factors of j(u)?
131
Suppose 9*m - 1650 = 4*m. Suppose -3*g - x + 864 = -m, -4*g + 1584 = 4*x. What are the prime factors of -4 - 6/((-18)/g)?
3, 43
Let d(r) be the third derivative of 347*r**5/60 + 31*r**4/24 - 12*r**3 + 194*r**2. List the prime factors of d(2).
2, 13, 53
Suppose 7*q + 110 = 2*q. Let f(i) = 2*i**2 + 11*i + 5. Let z be f(-8). Let t = q + z. List the prime factors of t.
23
Let z be (-8*(-9)/30)/((-3)/(-10)). Suppose s = -z*s + 18. Suppose 4*t - s*h = -0*t + 374, 0 = 4*t + 3*h - 399. List the prime factors of t.
2, 3
Suppose -7*a + 278711 = 5*f, 4*a + 6*f = 5*f + 159256. What are the prime factors of a?
3, 23, 577
List the prime factors of (-16 - (-1012)/55)*70605/6.
2, 3, 523
Let d(f) = -29*f - 1. Let i be ((-168)/35)/((-9)/(-30)). Let s(o) = -o**3 - 16*o**2 + 2*o + 26. Let g be s(i). What are the prime factors of d(g)?
173
Let j = 13354 - 2726. List the prime factors of j.
2, 2657
List the prime factors of ((-18 - -210470)/22)/(2*(-2)/(-16)).
2, 4783
Suppose 2*v - 5*n - 48031 = 0, 200*n = -v + 196*n + 24061. What are the prime factors of v?
3, 8011
Let f(r) = 136*r**2 + 11*r - 11. Let v(p) = 135*p**2 + 9*p - 10. Let q(o) = -3*f(o) + 4*v(o). List the prime factors of q(1).
2
Suppose -5*r - 6*y + 132 = -3*y, 5*r = 2*y + 112. Let q = 403 - r. List the prime factors of q.
379
Suppose -16*m - 50486 = 53258. List the prime factors of 7/(-28) + m/(-16).
3, 5
Let j = -356 + 370. Suppose 12*p = j*p - 544. What are the prime factors of p?
2, 17
Suppose 0 = -14*n + 17*n - 4*y - 22066, n = -2*y + 7342. What are the prime factors of n?
2, 3, 5, 7
Suppose -50*o + 85*o = 118720. What are the prime factors of o?
2, 53
Let g = 20425 + -13752. What are the prime factors